41). What is t(w)?
-4
Suppose 5*f - 4*i = 35, 0 = f + 3*i + 7 + 5. Let w(u) = -6*u**3 - u - 8*u**2 - f + 7*u**2 - 1 + 3 + 4*u**2. Calculate w(1).
-5
Let c(d) = d**3 - 21*d**2 - 332*d + 6818. Let q be c(22). Let z(h) = h**2 + 2*h + 9. What is z(q)?
9
Suppose 1837*h = 1856*h + 144 + 274. Let l(d) = -4*d - 84. What is l(h)?
4
Let n(i) = -3*i**3 - 8*i**2 + i - 37. Let s be n(0). Let c(f) = f**2 + 48*f + 404. What is c(s)?
-3
Let w(g) = 426*g + 2*g**2 + 39 - 6 - 405*g + 3 - 3*g**2. Determine w(23).
-10
Suppose 2*i = -3*c + 9, -c = -32*i + 30*i - 11. Let n(t) = 3*t - t**2 - 3*t + 4*t - 3 - 5*t**2 + t**3. Give n(c).
-8
Let j(r) be the third derivative of 0*r - 1/8*r**4 + 1/120*r**6 - 7*r**2 + 0 + 1/3*r**3 + 1/15*r**5. Suppose 4*g - 12 = -32. Calculate j(g).
-8
Let o(d) = 11*d**2 - 7*d + 7. Let f(p) = 11*p**2 - 8*p + 8. Let n(i) = 6*f(i) - 7*o(i). Let y = 90 - 89. What is n(y)?
-11
Let l be 5*(0 + 20/25). Let m(x) = -5*x**2 - 9*x - 7. Let p(c) = -6*c**2 - 9*c - 8. Let g(n) = l*p(n) - 5*m(n). Determine g(-9).
3
Suppose 14 + 46 = 3*z. Let x be (-4)/(-3)*45/z. Let b(r) = 7*r - 3*r + x*r - 6. Determine b(4).
22
Let l(r) = -23*r + 52. Let k(x) = -52*x + 90. Let v(q) = 2*k(q) - 5*l(q). Calculate v(8).
8
Let s(f) = f**2 + f - 89. Suppose 290 - 573 + 293 = -a. Determine s(a).
1
Suppose -4*s - 3*v = -25, -9 = -2*s - 3*v + 8. Let x(o) = -4*o - 11*o**3 - o**2 + s + 34*o**3 - 22*o**3. Calculate x(3).
10
Let z(n) = n**2 + 23*n + 112. Suppose 38*k - 48 + 656 = 0. Give z(k).
0
Let c(r) = -6*r - 1. Let s(h) = h**2 - 7*h + 5. Let k be 4 - (4 - 4) - -3. Let q be s(k). Determine c(q).
-31
Suppose 39*d + 24 = 41*d. Let s(c) = d + 13 - 9*c - 33 + 9 - 15*c. Calculate s(1).
-23
Suppose 39*o = 40*o - 18. Let n(a) = 6*a + a - 23 + 40 - 6*a - o. Give n(7).
6
Let i(p) = 2*p**3 + 27*p**2 + 9*p - 44. Let j(a) = a**3 + 12*a**2 + 5*a - 22. Let q(v) = -6*i(v) + 13*j(v). Give q(5).
8
Let h(z) be the third derivative of -z**5/60 - 11*z**4/24 + 15*z**3 + 4*z**2 - 4*z - 32. Calculate h(-17).
-12
Let j(i) = -i**2 + 38*i + 3. Let u(h) = 23*h + 1. Let w(y) = -3*j(y) + 5*u(y). Determine w(-2).
6
Let s(k) be the third derivative of -k**6/120 + 31*k**5/60 + 67*k**4/24 - 9*k**3/2 - 10*k**2 + 98. What is s(33)?
6
Suppose 7*q = 1428 - 14. Let h = q + -202. Let t(a) = -a**3 + a**2 + a - 9. What is t(h)?
-9
Suppose -999 + 285 = -6*c. Let m(g) = c*g + 1 - 124*g + 2 + 0. Determine m(2).
-7
Let f(d) = -d**2 - 18. Let u = 42 - 41. Let g be (8 - 8)/(u - 0). Suppose 2*h + 5*h = g. What is f(h)?
-18
Let q(a) = -269*a + 28. Let h(m) = 98*m - 9. Let d(o) = 11*h(o) + 4*q(o). What is d(3)?
19
Suppose -2*h - 15 + 69 = 0. Suppose 24*m = h*m - 9. Let n(s) = 6*s - 2*s + 1 + 1. Give n(m).
14
Let v be (184/207)/(((-1)/(-6))/((-6)/(-4))). Let l(w) = w**3 - 9*w**2 + 6*w - 17. Determine l(v).
-33
Suppose -23 + 6 = -u. Let p(j) = -j + 10 - u + 2*j. What is p(10)?
3
Let g(v) = -v**3 + 12*v**2 + 11*v + 22. Suppose -4*y - 37 + 26 = x, -2*y = -3*x + 51. What is g(x)?
-4
Let l(d) = 2*d**2 - 22*d + 22. Let q be l(10). Let r(y) = y**2 - 4*y - 7. Let c be r(6). Let j(z) = 2 + 0 + c*z**q - 7*z - 7*z**2. What is j(-5)?
-13
Let x(t) = -29*t + 9. Suppose 5*q + u - 3 = 0, 4*u - 94 = 4*q - 106. What is x(q)?
-20
Let q(f) be the third derivative of -f**5/60 + f**4/8 + 145*f**3/3 + 87*f**2. Let u(l) be the first derivative of q(l). Suppose -14 = 3*j + 1. Determine u(j).
13
Let l(h) = 3*h**2 - 20*h + 64. Let q(m) = 7*m**2 - 38*m + 128. Let y(k) = 5*l(k) - 2*q(k). Let z be y(21). Let x(j) = 5*j**3 - 2*j**2 + j + 1. What is x(z)?
5
Let u = -9590 + 9597. Let v(w) = 5*w + 7*w - w - 6 - w**2 - 3*w. Give v(u).
1
Let g = 1478 + -1461. Let x(y) = -y**2 + 16*y - 20. Determine x(g).
-37
Suppose -17*i - 440 = -243*i + 690. Let p(y) = y - 7. Let c be p(8). Let z(l) = 1 - c - l. Determine z(i).
-5
Suppose -125*p = -60*p - 48*p - 85. Let t(x) be the third derivative of 7*x**2 + 1/24*x**4 + 0*x + 0 + 1/60*x**p - 5/6*x**3. Determine t(0).
-5
Let d be (-221)/(-52) + 3/4. Suppose 8 + 2 = -d*a. Let q(s) be the second derivative of -s**5/20 - s**4/4 - s**3/2 - s**2 - 11*s + 6. Determine q(a).
0
Let q(o) = o**2 - 26*o - 150. Let l be q(31). Let f(x) = -4*x**2 + 24*x - 17. What is f(l)?
3
Let c(n) = n - 3. Let d be c(5). Suppose -w = -0*q - 4*q - 2, -3*w - 2*q + 6 = 0. Let h(m) = 3 - w*m**2 + 2 - 1 + 2*m - 2. Calculate h(d).
-2
Let r(v) = -18*v - 8. Let p(x) = -3*x + 15. Let q be p(6). Let b(i) = i + 3. Let n(l) = q*b(l) - r(l). Determine n(1).
14
Let i(j) = -2*j - 12. Let a(q) = q**2 - 8*q + 1. Let x be 1 + -1 + 3 + 3. Let k be a(x). Determine i(k).
10
Let b be ((-16)/(-5))/(26/(-455)). Let n = b + 61. Let j(f) = n - 1 - 5 + 2*f. What is j(2)?
3
Let b(p) be the third derivative of 0*p - 160*p**2 + 0 + 7/24*p**4 + p**3. What is b(-4)?
-22
Let b(u) = 2*u**3 + 36*u**2 - u - 22. Suppose 3*y = 0, -l - 29 = -y - 11. Calculate b(l).
-4
Let p(b) = b**3 + 9*b**2 + 3*b - 40. Let o be p(-8). Suppose w + 273 - 274 = o. Let z(n) = n - 1. Determine z(w).
0
Let d(b) be the second derivative of -13*b**3/6 + 25*b**2/2 + 140*b - 9. Calculate d(10).
-105
Let f(b) be the first derivative of -45 - 1/2*b**2 - 3*b. Let v = -9 - -4. Give f(v).
2
Let b(k) = k**3 - 5*k**2 + 8*k - 3. Let m be b(2). Suppose 4*j + m = 3*j. Let v(x) = -4 + 1 + x + 2 + 6*x**2 - 2*x. Give v(j).
6
Let u(t) = -t**3 + t**2 + t - 11. Let r(a) = -a**3 - 15*a**2 - 15*a - 13. Let o be r(-14). Let z be 1/(o*(1 + (-216)/220)). Let j = -55 + z. Determine u(j).
-11
Let k(u) be the second derivative of u**3/3 + 2*u**2 + 2882*u. Suppose w - 4*w - 18 = 0. Calculate k(w).
-8
Let b(c) = -49*c**3 - 10*c**2 + 19*c - 31. Let h(l) = 57*l**3 + 13*l**2 - 20*l + 31. Let n(r) = 7*b(r) + 6*h(r). Give n(9).
5
Let x(j) = 3*j**3 + 54*j**2 - 1216*j - 62. Let z(v) = v**3 + 18*v**2 - 429*v - 21. Let c(h) = 6*x(h) - 17*z(h). Give c(-18).
39
Suppose f + 12 = 2*t - 3*f, -t = -5*f - 6. Let y(g) = -1 + 3*g + 0*g - t*g + 4*g. Suppose n - 3 = -p - 2*p, -5*p - 9 = -3*n. Give y(p).
-1
Let q(c) = -59*c + 1702. Let g(f) = -42*f - 2. Let z(t) = -2*g(t) + q(t). Calculate z(-68).
6
Let u(q) be the third derivative of q**8/20160 + q**7/720 + q**6/360 + 23*q**5/20 - 5*q**2 + 1. Let n(v) be the third derivative of u(v). Calculate n(-5).
-8
Let v(n) = 5*n**2 + 7*n - 19. Let p = 6370 + -6367. Give v(p).
47
Let c(m) = m**2 + 8*m + 4. Let x = -347 - 17. Let j = 357 + x. What is c(j)?
-3
Let d = -9674 - -9674. Let m(b) be the third derivative of 0 + 1/3*b**3 + d*b + 17*b**2 - 1/12*b**4. What is m(-3)?
8
Let f = 2427 + -2433. Let q(s) = 4*s - 16. Determine q(f).
-40
Let r be (51 + 0 + -4)/(4/4). Let p(k) = -r*k**3 - 12*k**2 - 46*k**3 + 94*k**3 - 12 + 13*k. Give p(11).
10
Let s(p) = -48*p**3 - 49*p**2 - 9*p - 40. Let u(w) = 17*w**3 + 17*w**2 + 3*w + 14. Let m(q) = 6*s(q) + 17*u(q). What is m(6)?
16
Let l(q) = 4*q**2 - 1 - 23*q + 27*q - 5*q**2 + 2. Suppose 7*j - 28 = 3*j. Determine l(j).
-20
Let v(u) be the second derivative of 2*u**3/3 + 87*u**2/2 - 8*u + 75. Give v(-14).
31
Let h(p) be the second derivative of 7/6*p**3 - 1/12*p**4 + 0 + 6*p**2 + 2*p. Suppose -31 = -8*m + 41. Give h(m).
-6
Let q(c) be the second derivative of 26 + 3/2*c**2 - 2*c - 1/3*c**3. Give q(-1).
5
Let g(p) be the third derivative of p**5/30 - p**4/6 + 5*p**3/6 + 3*p**2. Let k = -7683 - -7687. Determine g(k).
21
Let w(o) be the third derivative of o**6/120 - o**5/10 + o**4/8 + 18897*o**2. Let h = 5 + -1. Give w(h).
-20
Let a(w) be the second derivative of -w**3/3 + 7*w**2/2 + 8*w. Let q(c) = 13*c - 6. Let j be q(1). Determine a(j).
-7
Let b(k) = -k**2 - 2*k + 4. Let u(a) = 6 - 79*a + 41*a + 41*a. Let d(p) = 2*p + 6. Let w(x) = -5*d(x) + 4*u(x). Let i be w(1). Give b(i).
-4
Suppose -f + 9 = -0*d + 3*d, -5*f + 3*d = -27. Suppose -5 = -2*a + h, -3*a + 3*h + 3 = -0*h. Let p(c) = -387*c**2 + 9*c + 7 + 386*c**2 - a*c. Give p(f).
1
Suppose -110*c = -63*c - 376. Let b(o) = 2*o**3 - 16*o**2 - 6*o - 8. What is b(c)?
-56
Let y(p) = p**2 + 3*p + 6. Let a = 71 - 71. Suppose a = -2*x - 7 - 3. Let w be (-18)/10 + 2 - (-26)/x. Give y(w).
16
Let k(m) = 0 + 1257800*m**2 + 2 + 2*m - 1257808*m**2. Let v be 4/(-5)*(-10)/4. Determine k(v).
-26
Let v be (-11 + 0)*(1 - 0). Let i be 3/(-6)*v/(44/(-8)). Let m(l) = 0*l**2 + 2*l - l - 5*l**2. Give m(i).
-6
Let y(d) = -2*d + 389. Let c(j) = -5*j + 876. Let v